 composite number?
True
Is 24027 composite?
True
Is 2148599 prime?
True
Is 120187 a prime number?
False
Is 26591 composite?
False
Is 14513 composite?
True
Is 4439 prime?
False
Is 66437 a composite number?
True
Is 1123 composite?
False
Is 105799 prime?
False
Is 79087 prime?
True
Is 2934713 a composite number?
True
Is 4729 a prime number?
True
Is 9509 a prime number?
False
Is 502 a composite number?
True
Is 37711 composite?
True
Is 900737 composite?
False
Is 9347 composite?
True
Is 7391 a prime number?
False
Is 1074463 a composite number?
True
Is 358951 a prime number?
True
Is 180521 a composite number?
True
Is 1919761 prime?
True
Is 60067 composite?
True
Is 3261089 prime?
False
Is 993 prime?
False
Is 755593 a prime number?
True
Is 2471629 a prime number?
True
Is 441895 a composite number?
True
Is 224459 a composite number?
True
Is 31013 a composite number?
False
Is 7283 a composite number?
False
Is 3271 composite?
False
Is 3109 a prime number?
True
Is 2069 prime?
True
Is 5513 a composite number?
True
Is 3691 prime?
True
Is 12063 a composite number?
True
Is 116845 a composite number?
True
Is 30729 a composite number?
True
Is 21677 a prime number?
False
Is 471781 prime?
True
Is 812341 prime?
True
Is 5849 composite?
False
Is 2188327 a composite number?
False
Is 16361 a prime number?
True
Is 278687 a prime number?
True
Is 3226285 prime?
False
Is 8501 a prime number?
True
Is 9293 composite?
False
Is 557962 a prime number?
False
Is 53421 composite?
True
Is 34735 composite?
True
Is 24441 a composite number?
True
Is 11801 a prime number?
True
Is 2579 a prime number?
True
Is 1481 prime?
True
Is 21001 a composite number?
False
Is 1381 a composite number?
False
Is 2543 composite?
False
Is 38149 composite?
False
Is 1286 composite?
True
Is 7121 a prime number?
True
Is 135301 a composite number?
False
Is 471209 prime?
True
Is 29509 a composite number?
True
Is 7349 a prime number?
True
Is 69547 a prime number?
False
Is 32459 prime?
False
Is 1300669 a composite number?
False
Is 549377 composite?
True
Is 155611 prime?
False
Is 854879 prime?
False
Is 1543 a prime number?
True
Is 85889 a composite number?
False
Is 697141 a prime number?
True
Is 91313 prime?
False
Is 37757 a composite number?
True
Is 5351 a composite number?
False
Is 1288069 a prime number?
False
Is 23451 a prime number?
False
Is 24571 composite?
False
Is 6271 a composite number?
False
Is 1293281 prime?
False
Is 65 prime?
False
Is 34399 composite?
True
Is 8818 a prime number?
False
Is 10487 prime?
True
Is 2999 composite?
False
Is 7897 a composite number?
True
Is 849451 a composite number?
True
Is 148327 a composite number?
True
Is 13093 a prime number?
True
Is 1313273 a prime number?
False
Is 2534029 a prime number?
True
Is 103135 composite?
True
Is 360845 composite?
True
Is 79607 composite?
True
Is 11113 a composite number?
False
Is 95153 a composite number?
False
Is 207229 prime?
False
Is 1847 a composite number?
False
Is 11863 prime?
True
Is 235 a composite number?
True
Is 35591 a composite number?
False
Is 66457 a composite number?
False
Is 20627 a composite number?
False
Is 1551289 composite?
False
Is 2705 a composite number?
True
Is 5419 composite?
False
Is 324179 a composite number?
False
Is 385493 a prime number?
True
Is 1325149 prime?
False
Is 1431049 a composite number?
True
Is 691943 composite?
True
Is 22507 a composite number?
True
Is 1612417 a composite number?
True
Is 275773 a composite number?
False
Is 497414 composite?
True
Is 1883 prime?
False
Is 53167 a prime number?
False
Is 223183 composite?
True
Is 302149 composite?
True
Is 2767 a prime number?
True
Is 15689 prime?
False
Is 18806 a composite number?
True
Is 807889 a prime number?
False
Is 46679 a prime number?
True
Is 742867 a composite number?
True
Is 4939 prime?
False
Is 104881 prime?
False
Is 15193 a prime number?
True
Is 9227 a composite number?
False
Is 1481 a prime number?
True
Is 94669 a prime number?
False
Is 2503 composite?
False
Is 263561 composite?
False
Is 1105943 a prime number?
True
Is 1717 prime?
False
Is 267931 composite?
True
Is 4327 composite?
False
Is 5167 prime?
True
Is 682141 a prime number?
True
Is 28277 a composite number?
False
Is 175229 prime?
True
Is 1414381 a prime number?
True
Is 11003 composite?
False
Is 22109 composite?
False
Is 245027 a composite number?
True
Is 782809 prime?
False
Is 63785 composite?
True
Is 5779 a composite number?
False
Is 31429 prime?
False
Is 255661 a prime number?
False
Is 11239 a prime number?
True
Is 5623 composite?
False
Is 3683 prime?
False
Is 64997 prime?
True
Is 11657 prime?
True
Is 13621 a composite number?
True
Is 877 a prime number?
True
Is 389269 a composite number?
False
Is 393427 composite?
True
Is 28349 composite?
False
Is 476459 a prime number?
False
Is 51967 composite?
True
Is 64569 composite?
True
Is 36973 a composite number?
False
Is 7517 prime?
True
Is 424283 prime?
False
Is 133847 composite?
True
Is 21767 a prime number?
True
Is 272849 a prime number?
False
Is 926197 prime?
False
Is 37165 composite?
True
Is 31919 a composite number?
True
Is 2161 prime?
True
Is 5303 a composite number?
False
Is 2355461 prime?
False
Is 26351 a prime number?
False
Is 517901 a prime number?
True
Is 1313 composite?
True
Is 50455 a composite number?
True
Is 101411 prime?
True
Is 394319 composite?
False
Is 491819 a composite number?
False
Is 97741 a prime number?
False
Is 209243 prime?
False
Is 19121 a composite number?
False
Is 63203 a prime number?
False
Is 8779 a prime number?
True
Is 21833 composite?
True
Is 44113 composite?
True
Is 66739 a prime number?
True
Is 51953 prime?
False
Is 57023 prime?
False
Is 214419 a prime number?
False
Is 19373 composite?
False
Is 195203 a composite number?
False
Is 41689 a prime number?
False
Is 112327 a prime number?
True
Is 10831 composite?
False
Is 173093 prime?
False
Is 134894 prime?
False
Is 4358 prime?
False
Is 455523 a prime number?
False
Is 37651 a composite number?
True
Is 611 prime?
False
Is 889 a composite number?
True
Is 2775593 a prime number?
True
Is 80917 a composite number?
False
Is 842599 prime?
True
Is 31829 a prime number?
False
Is 10027 a prime number?
False
Is 14531 composite?
True
Is 320503 prime?
False
Is 394469 prime?
False
Is 173609 prime?
False
Is 205703 composite?
False
Is 183783 a prime number?
False
Is 1138483 prime?
True
Is 223 prime?
True
Is 1644817 prime?
True
Is 18617 prime?
True
Is 86627 a prime number?
True
Is 4337 a composite number?
False
Is 14953 prime?
False
Is 380503 a prime number?
True
Is 700141 prime?
False
Is 25391 a prime number?
True
Is 22241 composite?
True
Is 164221 composite?
True
Is 2921 a prime number?
False
Is 29441 composite?
True
Is 2081 a composite number?
False
Is 18077 composite?
False
Is 27611 a composite number?
False
Is 62581 a composite number?
False
Is 13955 composite?
True
Is 29521 composite?
True
Is 168109 a prime number?
True
Is 45301 prime?
False
Is 19063 a composite number?
True
Is 1039 composite?
False
Is 37781 a composite number?
False
Is 249319 composite?
True
Is 897401 prime?
True
Is 859789 a prime number?
False
Is 31643 a prime number?
True
Is 55903 prime?
True
Is 1381 a composite number?
False
Is 120749 composite?
False
Is 171845 composite?
True
Is 6029 a prime number?
True
Is 131861 a prime number?
True
Is 2243383 prime?
True
Is 764833 prime?
False
Is 41843 prime?
True
Is 4279 composite?
True
Is 2323 prime?
False
Is 248047 a prime number?
False
Is 522197 a composite number?
True
Is 5834 a prime number?
False
Is 408607 prime?
True
Is 64871 prime?
True
Is 72697 composite?
True
Is 6051 a composite number?
True
Is 17543 a composite number?
True
Is 21929 a composite number?
False
Is 115079 a prime number?
True
Is 929693 a composite number?
False
Is 5294 a composite number?
True
Is 607345 a composite number?
True
Is 2707213 prime?
True
Is 68359 composite?
True
Is 198709 prime?
False
Is 60773 composite?
False
Is 533473 a prime number?
False
Is 5407 a prime number?
True
Is 703819 composite?
False
Is 454945 composite?
True
Is 1949 a prime number?
True
Is 442729 a composite number?
True
Is 501851 a composite number?
True
Is 1013143 a composite number?
False
Is 143053 a composite number?
False
Is 12097 a composite number?
False
Is 38989 composite?
True
Is 157349 prime?
True
I